{"id":2762,"date":"2023-05-24T08:29:05","date_gmt":"2023-05-24T06:29:05","guid":{"rendered":"https:\/\/www.campingtropical.com\/event\/palio-della-marciliana\/"},"modified":"2023-06-07T16:42:32","modified_gmt":"2023-06-07T14:42:32","slug":"palio-della-marciliana","status":"publish","type":"event","link":"https:\/\/www.campingtropical.com\/pl\/wydarzenia\/palio-della-marciliana\/","title":{"rendered":"Palio della Marciliana"},"content":{"rendered":"<div  class=\"grids-section grids-is-advanced alignwide\" style=\"--_gs-gap-desktop:0px 0px;--_gs-m-desktop:0 0 0 0;--_gs-p-desktop:0 0 0 0;--_gs-bg-desktop:transparent none;--_gs-bg-xp-desktop:0px;--_gs-zi-desktop:auto;--_gs-d-desktop:block;--_gs-mw-desktop:calc(100% - 0 - 0);--_gs-gap-tablet:0px 0px;--_gs-m-tablet:0 0 0 0;--_gs-p-tablet:0 0 0 0;--_gs-bg-tablet:transparent none;--_gs-bg-xp-tablet:0px;--_gs-zi-tablet:auto;--_gs-d-tablet:block;--_gs-mw-tablet:calc(100% - 0 - 0);--_gs-gap-mobile:0px 0px;--_gs-m-mobile:0 0 0 0;--_gs-p-mobile:0 0 0 0;--_gs-bg-mobile:transparent none;--_gs-bg-xp-mobile:0px;--_gs-zi-mobile:auto;--_gs-d-mobile:block;--_gs-mw-mobile:calc(100% - 0 - 0);--_gs-columns:12;--_gs-rows:6\"><div class=\"grids-s-w_i\">\n<div class=\"grids-area\" style=\"--_ga-column:1\/13;--_ga-row:1\/7;--_ga-m-desktop:0 0 0 0;--_ga-p-desktop:0 0 0 0;--_ga-bg-desktop:transparent none;--_ga-zi-desktop:auto;--_ga-d-desktop:flex;--_ga-mw-desktop:calc(100% - 0 - 0);--_ga-m-tablet:0 0 0 0;--_ga-p-tablet:0 0 0 0;--_ga-bg-tablet:transparent none;--_ga-zi-tablet:auto;--_ga-d-tablet:flex;--_ga-mw-tablet:calc(100% - 0 - 0);--_ga-m-mobile:0 0 0 0;--_ga-p-mobile:0 0 0 0;--_ga-bg-mobile:transparent none;--_ga-zi-mobile:auto;--_ga-d-mobile:flex;--_ga-mw-mobile:calc(100% - 0 - 0)\">\n\n<h1 class=\"wp-block-heading has-text-align-center advgb-dyn-fb41f3af\">Palio della Marciliana\n        <\/h1>\n\n\n\n<h3 class=\"wp-block-heading has-text-align-center\"><strong>17 i 18 czerwca 2023<\/strong>, w Chioggii\n        <\/h3>\n\n\n\n<p>Palio della Marciliana to <strong>\u015bwi\u0119to \u015bredniowiecznej rekonstrukcji historycznej<\/strong>, odwzorowuj\u0105cej lata od 1378 do 1381.\n        <\/p>\n\n\n\n<p>Odbywa si\u0119 co roku w Chioggii <strong>wzd\u0142u\u017c Corso del Popolo<\/strong>, g\u0142\u00f3wnej ulicy miasta.\n        <\/p>\n\n\n\n<p>Jest organizowana w trzeci weekend czerwca i obejmuje kompleksow\u0105 seri\u0119\n         <strong>pokaz\u00f3w\n        <\/strong> dotycz\u0105cych tego, jakie by\u0142o miasto w \u015bredniowieczu i tego, co przesz\u0142o do historii jako\n         <strong>wojna o Chioggi\u0119\n        <\/strong>kt\u00f3ra toczona by\u0142a mi\u0119dzy Najja\u015bniejsz\u0105 Republik\u0105 Weneck\u0105 a Republik\u0105 Genui o uzyskanie hegemonii w handlu z Orientem\n         Rozstawiane s\u0105 <strong>stragany<\/strong>i <strong>tawerny<\/strong> nieopodal <strong>Wie\u017cy Montalbano<\/strong> oraz buduje si\u0119 obozy wojownik\u00f3w, a wsz\u0119dzie wok\u00f3\u0142 prezentowane s\u0105 <strong>ta\u0144ce<\/strong>, <strong>pie\u015bni<\/strong> i <strong>rekonstrukcje walk<\/strong>.\n        <\/p>\n\n\n\n<h3 class=\"wp-block-heading\">S\u0105 tu te\u017c zawody w strzelaniu z kuszy\n        <\/h3>\n\n\n\n<p><strong>W zawodach uczestniczy pi\u0119\u0107 dzielnic<\/strong>, kt\u00f3re reprezentuj\u0105 czternastowieczne spo\u0142ecze\u0144stwo Chioggii: to dusza zawod\u00f3w. Walcz\u0105 o pierwsze\u0144stwo strzelaj\u0105c z wielkich kusz. \n         <strong>Kusznicy<\/strong> pokazuj\u0105 go\u015bciom flagi, zbroje i instrumenty muzyczne.\n        <\/p>\n\n\n\n<p><strong>To rodzaj rekonstrukcji historycznej<\/strong>, w kt\u00f3rej <strong>uczestnicy <\/strong> wyst\u0119puj\u0105 w czternastowiecznych strojach zar\u00f3wno jako wojownicy, jak i rzemie\u015blnicy z epoki, a tak\u017ce przebywaj\u0105 w ogrodach nieopodal laguny. \n        <\/p>\n\n\n\n<p>Wieczorem Palio ko\u0144czy si\u0119 <strong>\u015bwi\u0105teczn\u0105 procesj\u0105 poprzedzon\u0105 tematycznymi pokazami<\/strong>, takimi, jak <strong>po\u017car wie\u017cy<\/strong> i scenami z \u017cycia codziennego umiejscowionymi na ulicach i przy brzegach morza. \n        <\/p>\n\n<\/div>\n<\/div><\/div>","protected":false},"excerpt":{"rendered":"<p>17-18 czerwca 2023 w Chioggii<\/p>\n","protected":false},"author":1,"featured_media":2156,"template":"","meta":{"_acf_changed":false,"_seopress_robots_primary_cat":"","_seopress_titles_title":"%%post_title%% %%sep%% %%sitetitle%%\n        ","_seopress_titles_desc":"Jedno z najpopularniejszych letnich wydarze\u0144 w Chioggii!\n        ","_seopress_robots_index":"","advgb_blocks_editor_width":"","advgb_blocks_columns_visual_guide":"","footnotes":""},"class_list":["post-2762","event","type-event","status-publish","has-post-thumbnail","hentry","entry"],"acf":[],"featured_img":"https:\/\/www.campingtropical.com\/wp-content\/uploads\/2023\/04\/palio-della-marciliana-chioggia-banner-1568x784.jpg","coauthors":[],"author_meta":{"author_link":"https:\/\/www.campingtropical.com\/pl\/author\/ales-ckgmi8c90\/","display_name":"ales-ckgmi8c90"},"relative_dates":{"created":"Posted 3 lata ago","modified":"Updated 3 lata ago"},"absolute_dates":{"created":"Posted on 24 maja, 2023","modified":"Updated on 7 czerwca, 2023"},"absolute_dates_time":{"created":"Posted on 24 maja, 2023 8:29 am","modified":"Updated on 7 czerwca, 2023 4:42 pm"},"featured_img_caption":"","tax_additional":{"translation_priority":{"linked":["<a href=\"https:\/\/www.campingtropical.com\/pl\/?taxonomy=translation_priority&#038;term=opcjonalne\" class=\"advgb-post-tax-term\">Opcjonalne<\/a>"],"unlinked":["<span class=\"advgb-post-tax-term\">Opcjonalne<\/span>"],"slug":"translation_priority","name":"Priorytety T\u0142umaczenia"}},"series_order":"","_links":{"self":[{"href":"https:\/\/www.campingtropical.com\/pl\/wp-json\/wp\/v2\/event\/2762","targetHints":{"allow":["GET"]}}],"collection":[{"href":"https:\/\/www.campingtropical.com\/pl\/wp-json\/wp\/v2\/event"}],"about":[{"href":"https:\/\/www.campingtropical.com\/pl\/wp-json\/wp\/v2\/types\/event"}],"author":[{"embeddable":true,"href":"https:\/\/www.campingtropical.com\/pl\/wp-json\/wp\/v2\/users\/1"}],"version-history":[{"count":2,"href":"https:\/\/www.campingtropical.com\/pl\/wp-json\/wp\/v2\/event\/2762\/revisions"}],"predecessor-version":[{"id":3072,"href":"https:\/\/www.campingtropical.com\/pl\/wp-json\/wp\/v2\/event\/2762\/revisions\/3072"}],"wp:featuredmedia":[{"embeddable":true,"href":"https:\/\/www.campingtropical.com\/pl\/wp-json\/wp\/v2\/media\/2156"}],"wp:attachment":[{"href":"https:\/\/www.campingtropical.com\/pl\/wp-json\/wp\/v2\/media?parent=2762"}],"curies":[{"name":"wp","href":"https:\/\/api.w.org\/{rel}","templated":true}]}}

<div  class="grids-section grids-is-advanced alignwide" style="--_gs-gap-desktop:0px 0px;--_gs-m-desktop:0 0 0 0;--_gs-p-desktop:0 0 0 0;--_gs-bg-desktop:transparent none;--_gs-bg-xp-desktop:0px;--_gs-zi-desktop:auto;--_gs-d-desktop:block;--_gs-mw-desktop:calc(100% - 0 - 0);--_gs-gap-tablet:0px 0px;--_gs-m-tablet:0 0 0 0;--_gs-p-tablet:0 0 0 0;--_gs-bg-tablet:transparent none;--_gs-bg-xp-tablet:0px;--_gs-zi-tablet:auto;--_gs-d-tablet:block;--_gs-mw-tablet:calc(100% - 0 - 0);--_gs-gap-mobile:0px 0px;--_gs-m-mobile:0 0 0 0;--_gs-p-mobile:0 0 0 0;--_gs-bg-mobile:transparent none;--_gs-bg-xp-mobile:0px;--_gs-zi-mobile:auto;--_gs-d-mobile:block;--_gs-mw-mobile:calc(100% - 0 - 0);--_gs-columns:12;--_gs-rows:6"><div class="grids-s-w_i">
<div class="grids-area" style="--_ga-column:1/13;--_ga-row:1/7;--_ga-m-desktop:0 0 0 0;--_ga-p-desktop:0 0 0 0;--_ga-bg-desktop:transparent none;--_ga-zi-desktop:auto;--_ga-d-desktop:flex;--_ga-mw-desktop:calc(100% - 0 - 0);--_ga-m-tablet:0 0 0 0;--_ga-p-tablet:0 0 0 0;--_ga-bg-tablet:transparent none;--_ga-zi-tablet:auto;--_ga-d-tablet:flex;--_ga-mw-tablet:calc(100% - 0 - 0);--_ga-m-mobile:0 0 0 0;--_ga-p-mobile:0 0 0 0;--_ga-bg-mobile:transparent none;--_ga-zi-mobile:auto;--_ga-d-mobile:flex;--_ga-mw-mobile:calc(100% - 0 - 0)">

<h1 class="wp-block-heading has-text-align-center advgb-dyn-fb41f3af">Palio della Marciliana
        </h1>



<h3 class="wp-block-heading has-text-align-center"><strong>17 i 18 czerwca 2023</strong>, w Chioggii
        </h3>



<p>Palio della Marciliana to <strong>święto średniowiecznej rekonstrukcji historycznej</strong>, odwzorowującej lata od 1378 do 1381.
        </p>



<p>Odbywa się co roku w Chioggii <strong>wzdłuż Corso del Popolo</strong>, głównej ulicy miasta.
        </p>



<p>Jest organizowana w trzeci weekend czerwca i obejmuje kompleksową serię
         <strong>pokazów
        </strong> dotyczących tego, jakie było miasto w średniowieczu i tego, co przeszło do historii jako
         <strong>wojna o Chioggię
        </strong>która toczona była między Najjaśniejszą Republiką Wenecką a Republiką Genui o uzyskanie hegemonii w handlu z Orientem
         Rozstawiane są <strong>stragany</strong>i <strong>tawerny</strong> nieopodal <strong>Wieży Montalbano</strong> oraz buduje się obozy wojowników, a wszędzie wokół prezentowane są <strong>tańce</strong>, <strong>pieśni</strong> i <strong>rekonstrukcje walk</strong>.
        </p>



<h3 class="wp-block-heading">Są tu też zawody w strzelaniu z kuszy
        </h3>



<p><strong>W zawodach uczestniczy pięć dzielnic</strong>, które reprezentują czternastowieczne społeczeństwo Chioggii: to dusza zawodów. Walczą o pierwszeństwo strzelając z wielkich kusz. 
         <strong>Kusznicy</strong> pokazują gościom flagi, zbroje i instrumenty muzyczne.
        </p>



<p><strong>To rodzaj rekonstrukcji historycznej</strong>, w której <strong>uczestnicy </strong> występują w czternastowiecznych strojach zarówno jako wojownicy, jak i rzemieślnicy z epoki, a także przebywają w ogrodach nieopodal laguny. 
        </p>



<p>Wieczorem Palio kończy się <strong>świąteczną procesją poprzedzoną tematycznymi pokazami</strong>, takimi, jak <strong>pożar wieży</strong> i scenami z życia codziennego umiejscowionymi na ulicach i przy brzegach morza. 
        </p>

</div>
</div></div>

Jedno z najpopularniejszych letnich wydarzeń w Chioggii!

Priorytety Tłumaczenia
